{"id":4344,"date":"2016-12-05T19:03:52","date_gmt":"2016-12-05T18:03:52","guid":{"rendered":"http:\/\/whowriteshistory.me\/wordpress\/?page_id=4344"},"modified":"2025-12-10T10:56:40","modified_gmt":"2025-12-10T09:56:40","slug":"info","status":"publish","type":"page","link":"https:\/\/whowriteshistory.me\/index.php\/info\/","title":{"rendered":"Wir"},"content":{"rendered":"<p><strong><em>Who writes his_tory?<\/em><\/strong> ist ein kollaboratives Projekt, welches die Reproduktion von Wissen und struktureller Diskriminierung im Internet und vor allem auf Wikipedia hinterfragt und feministische und antirassistische Perspektiven hinzuzuf\u00fcgen m\u00f6chte. Wir veranstalten regelm\u00e4ssig <a href=\"https:\/\/de.wikipedia.org\/wiki\/Wikipedia:Edit-a-thon\">Edit-a-thons<\/a>, Lesungen, Performances und Diskussionsveranstaltungen im Kunst- und Kulturbereich.<\/p>\n<p><em>Who writes his_tory?<\/em> w\u00fcnscht sich ein sprach\u00fcbergreifendes, punktuell agierendes <a href=\"http:\/\/whowriteshistory.me\/index.php\/community\/\">Netzwerk<\/a> mit dem l\u00e4ngerfristigen Ziel, die Wikipedia zu \u00f6ffnen, Ausschl\u00fcsse anzugehen, Kategorien zu erweitern und so neue Webweiten herzustellen. Wir m\u00f6chten das die Wikipedia nicht \u00fcberwiegend bis ausschliesslich m\u00e4nnlich formuliert weiterarbeitet sowie weniger Entmutigung und L\u00f6schkultur sehen und erleben. Das Ziel soll nicht einzig sein, den Anteil der Schreibenden und repr\u00e4sentierten Frauen* zu erh\u00f6hen, sondern eine diverse Netzkultur zu leben und einladende, intersektional-feministische Strukturen zu schaffen, ohne dabei Geschlechterzw\u00e4nge zu verfestigen. <em>Who writes his_tory?<\/em> ist deshalb mit Mehrstimmigkeit und Lobbyarbeit unterwegs, die Wikipedia zu einem sympathischen, nicht kommerziellen, basisdemokratischen Lexikon \u2013 in der Verantwortung eines weltweit vielgenutzten Informationsmittels \u2013 zu erweitern. Denn nach 10 Jahren auf Wikipedia und \u00fcber 80 Edit-a-thons und Einf\u00fchrungsworkshops dr\u00e4ngt sich die Frage f\u00fcr uns auf, welche nachhaltig strukturellen Bedingungen eine offen angelegte Enzyklop\u00e4die braucht, um unsere Anspr\u00fcche zu erf\u00fcllen.<\/p>\n<p>Initiantin von Who writes his_tory? ist Daniela Brugger. Gemeinsam mit Chris Regn, Nicole Boillat und Lysann K\u00f6nig veranstalteten sie die erste Schreibwerkstatt in Basel.<br \/>\nChris Regn und Daniela Brugger bildeten lange \u00fcber einen langen Zeitraum den von <em>Who writes his_tory? <\/em> im Jahr 2026 zieht sich Daniela Brugger langsam zur\u00fcck und Nicole Boillat r\u00fcckt wieder n\u00e4her an den Kern.<\/p>\n<p><em>Who writes his_tory?<\/em> unterst\u00fctzt vor allem Fachpersonen aus der Kunst und Kultur, Inhalte auf Wikipedia fachgerecht zu erweitern und kritisch auf Sprache und Inhalt zu \u00fcberpr\u00fcfen.<\/p>\n<p><img loading=\"lazy\" src=\"http:\/\/whowriteshistory.me\/wordpress\/wp-content\/uploads\/2024\/02\/DBR_142317-300x225.jpg\" alt=\"\" width=\"300\" height=\"225\" class=\"alignnone size-medium wp-image-5352\" srcset=\"https:\/\/whowriteshistory.me\/wordpress\/wp-content\/uploads\/2024\/02\/DBR_142317-300x225.jpg 300w, https:\/\/whowriteshistory.me\/wordpress\/wp-content\/uploads\/2024\/02\/DBR_142317-1024x768.jpg 1024w, https:\/\/whowriteshistory.me\/wordpress\/wp-content\/uploads\/2024\/02\/DBR_142317-768x576.jpg 768w, https:\/\/whowriteshistory.me\/wordpress\/wp-content\/uploads\/2024\/02\/DBR_142317-1536x1152.jpg 1536w, https:\/\/whowriteshistory.me\/wordpress\/wp-content\/uploads\/2024\/02\/DBR_142317-2048x1536.jpg 2048w, https:\/\/whowriteshistory.me\/wordpress\/wp-content\/uploads\/2024\/02\/DBR_142317-1200x900.jpg 1200w\" sizes=\"(max-width: 300px) 85vw, 300px\" \/><\/p>\n<p>Physisches Meinungsbild von <em>Who writes his_tory?<\/em> im August 2023<\/p>\n<p><img loading=\"lazy\" class=\"alignnone wp-image-4364\" src=\"http:\/\/whowriteshistory.me\/wordpress\/wp-content\/uploads\/2016\/12\/IMG_9136-300x200.jpg\" alt=\"img_9136\" width=\"554\" height=\"369\" srcset=\"https:\/\/whowriteshistory.me\/wordpress\/wp-content\/uploads\/2016\/12\/IMG_9136-300x200.jpg 300w, https:\/\/whowriteshistory.me\/wordpress\/wp-content\/uploads\/2016\/12\/IMG_9136-768x512.jpg 768w, https:\/\/whowriteshistory.me\/wordpress\/wp-content\/uploads\/2016\/12\/IMG_9136-1024x683.jpg 1024w, https:\/\/whowriteshistory.me\/wordpress\/wp-content\/uploads\/2016\/12\/IMG_9136-1200x800.jpg 1200w\" sizes=\"(max-width: 554px) 85vw, 554px\" \/><\/p>\n<p><img loading=\"lazy\" class=\"alignnone wp-image-4365\" src=\"http:\/\/whowriteshistory.me\/wordpress\/wp-content\/uploads\/2016\/12\/IMG_9125-300x200.jpg\" alt=\"img_9125\" width=\"557\" height=\"371\" srcset=\"https:\/\/whowriteshistory.me\/wordpress\/wp-content\/uploads\/2016\/12\/IMG_9125-300x200.jpg 300w, https:\/\/whowriteshistory.me\/wordpress\/wp-content\/uploads\/2016\/12\/IMG_9125-768x512.jpg 768w, https:\/\/whowriteshistory.me\/wordpress\/wp-content\/uploads\/2016\/12\/IMG_9125-1024x683.jpg 1024w, https:\/\/whowriteshistory.me\/wordpress\/wp-content\/uploads\/2016\/12\/IMG_9125-1200x800.jpg 1200w\" sizes=\"(max-width: 557px) 85vw, 557px\" \/><\/p>\n<p>Erster Edit-a-thon von <em>Who writes his_tory?<\/em> im M\u00e4rz 2016<\/p>\n","protected":false},"excerpt":{"rendered":"<p>Who writes his_tory? ist ein kollaboratives Projekt, welches die Reproduktion von Wissen und struktureller Diskriminierung im Internet und vor allem auf Wikipedia hinterfragt und feministische und antirassistische Perspektiven hinzuzuf\u00fcgen m\u00f6chte. Wir veranstalten regelm\u00e4ssig Edit-a-thons, Lesungen, Performances und Diskussionsveranstaltungen im Kunst- und Kulturbereich. Who writes his_tory? w\u00fcnscht sich ein sprach\u00fcbergreifendes, punktuell agierendes Netzwerk mit dem l\u00e4ngerfristigen &hellip; <a href=\"https:\/\/whowriteshistory.me\/index.php\/info\/\" class=\"more-link\"><span class=\"screen-reader-text\">&#8222;Wir&#8220; <\/span>weiterlesen<\/a><\/p>\n","protected":false},"author":1,"featured_media":0,"parent":0,"menu_order":0,"comment_status":"closed","ping_status":"closed","template":"","meta":[],"_links":{"self":[{"href":"https:\/\/whowriteshistory.me\/index.php\/wp-json\/wp\/v2\/pages\/4344"}],"collection":[{"href":"https:\/\/whowriteshistory.me\/index.php\/wp-json\/wp\/v2\/pages"}],"about":[{"href":"https:\/\/whowriteshistory.me\/index.php\/wp-json\/wp\/v2\/types\/page"}],"author":[{"embeddable":true,"href":"https:\/\/whowriteshistory.me\/index.php\/wp-json\/wp\/v2\/users\/1"}],"replies":[{"embeddable":true,"href":"https:\/\/whowriteshistory.me\/index.php\/wp-json\/wp\/v2\/comments?post=4344"}],"version-history":[{"count":105,"href":"https:\/\/whowriteshistory.me\/index.php\/wp-json\/wp\/v2\/pages\/4344\/revisions"}],"predecessor-version":[{"id":5510,"href":"https:\/\/whowriteshistory.me\/index.php\/wp-json\/wp\/v2\/pages\/4344\/revisions\/5510"}],"wp:attachment":[{"href":"https:\/\/whowriteshistory.me\/index.php\/wp-json\/wp\/v2\/media?parent=4344"}],"curies":[{"name":"wp","href":"https:\/\/api.w.org\/{rel}","templated":true}]}}